 = 0*z**3 - a*z**3 - z + 4*z + 2 - 2*z - 3*z**2. Determine t(-2).
4
Let o(c) = -c**3 + 7*c**2 - 8*c + 9. Suppose -2*n + j = 2*n - 25, 0 = n - 4*j - 10. What is o(n)?
-3
Let h(a) = -5*a**2 - 3 + a**3 + 3*a + a**3 - 3*a**3. Give h(-5).
-18
Let j(f) be the first derivative of f**2/2 - 7*f - 4. What is j(3)?
-4
Suppose 2 = a + 4. Let h(f) = -3*f**2 + f**2 + 3 + 2*f + 4*f**2. What is h(a)?
7
Let p(n) be the third derivative of n**5/30 - n**4/8 - n**3/6 + n**2. Suppose -4*x + 3*x + 3*j + 18 = 0, 5*x - 40 = 5*j. Determine p(x).
8
Let b(d) = d - 1. Suppose 3*w + 22 = 4*t, -3*w - w - t = 4. Let z(q) = q + 1. Let f(r) = w*z(r) + b(r). Suppose 68*o - 67*o = 5. What is f(o)?
-8
Let p(l) = 0*l - l + 1 + 1 - 3. What is p(-4)?
3
Let w = 12 + -15. Let t(x) = -1. Let c(y) = 3*y + 4. Let z(v) = -c(v) - 5*t(v). Determine z(w).
10
Let a(z) = z**2 + 6*z - 1. Suppose -w = -7 + 1. Suppose -3*p + g - 20 = 0, w*g - 35 = 3*p + 2*g. Determine a(p).
-6
Let t(q) = q**2 + 6*q - 5. Suppose -66 = -5*g - 2*v, 3*v = 5*g - v - 78. Suppose -2*s = -5*y - 8 - 2, -g = 2*s + y. What is t(s)?
-10
Let k(z) be the third derivative of -1/60*z**5 + 0 - 2/3*z**3 + 0*z - z**2 - 1/24*z**4. Let y be k(0). Let f(c) = c**2 + 2*c - 4. Give f(y).
4
Let x(c) be the first derivative of c**3/6 - c**2 - 2*c - 3. Let n(o) be the first derivative of x(o). Determine n(3).
1
Let i(x) be the third derivative of 0*x + 0 - 1/24*x**4 - x**2 - 1/6*x**3. What is i(-3)?
2
Suppose -51*h = -53*h + 6. Let g(q) = 2*q**3 - q - q**3 - 2*q**2 + 3 - 2*q**2. Give g(h).
-9
Let i(n) = -n**3 + 8*n**2 + 10*n + 7. Let z(x) = x**3 - 7*x**2 - 9*x - 6. Let c(o) = -4*i(o) - 5*z(o). What is c(4)?
6
Let m(v) be the third derivative of v**4/4 - v**3/6 - 6*v**2. Let x = 6 - 4. Suppose 0 = 2*r - 2*i + 3*i - 6, -2 = x*r - i. Determine m(r).
5
Suppose -2 = 2*j - t, -j + 5 - 11 = -3*t. Let f(v) = j*v + 1 - v + 1. Suppose 0 = -y + 5*y + 16. Calculate f(y).
6
Let m(k) be the second derivative of k**5/20 - k**4/4 - 5*k**3/6 - k**2/2 + 28*k. Let q(i) = i + 2. Let r be q(2). Calculate m(r).
-5
Suppose -5 = -5*m + 20. Let q(s) = -s + 6. Give q(m).
1
Let s = -6 + 6. Let j(n) = -5*n + s*n**2 + 0*n**2 + n**2. Calculate j(6).
6
Let n be 80/(-36) - 4/(-18). Let a be (3/6 + -2)*n. Suppose a*v = -2*b - 0*v - 15, 2*b + 9 = -v. Let y(r) = r + 7. Give y(b).
4
Let j(h) = h**2 - 6*h + 1. Let d = -5 - -10. What is j(d)?
-4
Suppose 2*m = 7*m + 5. Let a = 2 + m. Let c(j) = 23*j**2 - 5*j + 2. Let v(h) = -12*h**2 + 3*h - 1. Let w(o) = -3*c(o) - 5*v(o). Give w(a).
-10
Let z(s) = -2 - 4*s**2 - s**3 + s**2 - s**2 + 4*s. Let i(l) = l + 1. Let r(w) = -w**3 + 6*w**2 - 2*w + 6. Let q be r(6). Let g be i(q). Determine z(g).
3
Let p(a) be the second derivative of -a**8/6720 + a**7/630 + a**6/720 + a**5/60 - a**4/6 + 4*a. Let l(v) be the third derivative of p(v). Determine l(4).
6
Let d(m) = -13 + m**2 - 2*m**2 + 0. Give d(0).
-13
Let a(z) = 10*z**2 - 2*z + z - 5*z**2. Suppose 1 = 9*f + 10. Give a(f).
6
Let b be 19/4 + (-1)/(-4). Let q(c) be the first derivative of c**5/120 - c**4/24 - 2*c**3/3 - 2. Let l(z) be the third derivative of q(z). What is l(b)?
4
Let l(z) = -z**2 - 2*z + 1. Suppose 0 = -3*n - 4*h - 3, -18 = -5*n + 4*h - 3*h. Give l(n).
-14
Let h(g) = 4*g**3 + 2*g - 1. Let x(y) = y + 7. Let s be x(-6). Calculate h(s).
5
Suppose -31 = 9*x + 14. Let w(s) = -s**2 - 5*s + 4. Determine w(x).
4
Let t be 3/(2/2*3). Suppose -4*w = -4*f - 28, 2*f - f = -w - t. Let m(r) = -4*r**2 + 16*r + w*r**2 - 10*r - 3. Calculate m(5).
2
Suppose a + 1 = -1. Let y be a*(1 - (-50)/4). Let v be 3/((y/(-6))/(-3)). Let o(w) = -2*w**3 - 4*w**2 - 3*w. Calculate o(v).
6
Let j(u) = u**2 + 5*u - 5. Suppose 2*s - 1 = 2*g + 3, -5*s = -4*g - 4. Calculate j(g).
1
Let x(o) = o**2 + 4*o + 4. Suppose 0 = 2*f - f, 3*f = -2*m + 2. Let b be 5 + (-1 + m)/(-2). Suppose -4*s + b*c - 26 = 0, -10 = 5*s - 4*s - 3*c. Calculate x(s).
4
Let c be -2*1*(-9)/6. Let o = c + 0. Suppose -24 = -4*n - p - 4, -o*p + 20 = 2*n. Let v(l) = -l**3 + 3*l**2 + 5*l - 1. What is v(n)?
3
Let n(t) = 8*t**2 - t**3 - 1 + t**2 - 8*t**2 + 0*t**2 - t. Let o = 3 - 5. Let p(j) = 2*j**2 + 2*j - 2. Let z be p(o). Give n(z).
-7
Let k(l) = l**3 + 2*l**2 - 3*l - 1. Let q = 44 - 68. Let f = q - -21. Give k(f).
-1
Let m(r) = -2*r**2 + 2*r + 1. Suppose -3*a = -6, -l + a = -2*l + 1. Calculate m(l).
-3
Let d(c) be the third derivative of -c**6/120 - c**5/12 + 7*c**4/24 + 2*c**3/3 + 3*c**2. Suppose -2*r - 24 = 2*r. Calculate d(r).
-2
Let h(w) = 2*w - 2 + 4*w - 5*w. Let f be (1 - 3)/(5/(-6 + 1)). Determine h(f).
0
Let j = -3 + 6. Let z(i) be the first derivative of i**2 + 2*i + 2/3*i**3 - 1/4*i**4 - 2. What is z(j)?
-1
Let j(i) = -19*i**2 - i. Let q(b) = -2*b**3 + 3*b**2 - b - 1. Let k be q(1). Calculate j(k).
-18
Suppose 4*g = 3*g - 0*g. Let p(j) be the second derivative of 2/3*j**3 + g + 2*j**2 + 1/12*j**4 - j. Give p(-4).
4
Let r(o) = -o**2 + 4*o + 1. Let w(i) = 2*i**2 - 7*i - 2. Let j(q) = -11*r(q) - 6*w(q). Give j(-2).
1
Let h = 9 - 13. Let b(g) be the third derivative of -g**4/24 - g**3/3 + 6*g**2. Calculate b(h).
2
Let i(w) = w**2 - 4*w - 1. Let l = 58 + -53. What is i(l)?
4
Let a(o) = o - 1. Suppose -5*n = -3*i + 27, -n = -4*i + 9 + 44. Suppose -4 = 5*l - i. Let v = l - -2. Calculate a(v).
3
Let y(k) = 3*k**3 - k + k**3 - 5*k**3 + 3*k**3. Let u(s) be the second derivative of s**5/20 - s**4/12 + 4*s. Let w(q) = 3*u(q) - y(q). Determine w(3).
3
Let m be (3 - 4)*-1 - 6. Let d(c) be the second derivative of c + 0 - 1/3*c**3 - 3*c**2. What is d(m)?
4
Let s(h) be the second derivative of h**5/20 - 5*h**4/12 - h**3 - 5*h**2/2 + 2*h. Give s(6).
-5
Let r(z) be the second derivative of -1/6*z**3 - 4*z - z**2 + 0. Give r(-5).
3
Suppose -10*a + 6*a = 12. Let m(t) = t - 2. Determine m(a).
-5
Let u(s) = -5*s**2 - 3*s. Let z(y) = -2*y**2 - y. Let g(j) = -j**2 - 5*j - 1. Let h be g(-4). Let a(w) = h*u(w) - 7*z(w). Give a(-2).
0
Let a(x) = -66 + 31 + 34 + 3*x. Determine a(-4).
-13
Let f(q) = q + 2. Let s(b) = -b**2 - 9*b - 9. Let p be s(-8). Let t be -2 + p - 48/(-8). Give f(t).
5
Let h(z) = 4*z**2 + 2*z - 1. Let o be ((-1)/(-3))/((-4)/(-12)). What is h(o)?
5
Let r = 11 + -9. Let z(g) = 5*g - 4. Let i(a) = -11*a + 9. Let t(s) = 3*i(s) + 7*z(s). What is t(r)?
3
Let k = -21 + 26. Let p(c) = -5 - 6 + 3*c - 2*c. What is p(k)?
-6
Let p(q) = -q + 2. Let v be p(2). Suppose -3*k - 2*k - 30 = v. Let o = -3 - k. Let x(a) = -a**3 + 5*a**2 - 4*a + 1. Give x(o).
7
Let f(d) be the second derivative of 6*d + 1/2*d**2 + 0 + 1/6*d**3 + 1/12*d**4. Calculate f(-2).
3
Let w(j) = j**3 + 5*j**2 + 3*j + 3. Let s be w(-5). Let z be 3/(-2)*32/s. Suppose -9 = -m - n + 3*n, z = m - n. Let t(r) = -9*r**2 - 2*r - 1. Determine t(m).
-8
Suppose 10*z = 6*z + 4. Let f(u) = 4*u**3 + 2*u**2 - 2*u + 1. Calculate f(z).
5
Let p(t) = -9*t - 1. Let v be 63/(-49) - (-4)/14. What is p(v)?
8
Let d(c) = c + 7. Let f(t) = 1. Let m(z) = d(z) - 4*f(z). Let l = 11 - 15. Give m(l).
-1
Let y(i) be the second derivative of i**4/12 - i**3/3 - 5*i**2/2 + i. Let j be (-2)/15 - 62/(-15). Determine y(j).
3
Let q(z) be the third derivative of z**6/120 + z**5/60 - 5*z**4/24 - 2*z**3/3 + 14*z**2. What is q(-3)?
-7
Let i(w) = w + 2. Let v be i(3). Suppose -c - v*u + 4 = 0, -5*c + 4*u = -c - 16. Let g(f) = -f**3 + 6*f**2 - 6*f + 4. What is g(c)?
12
Suppose 4*z + 1 + 3 = -4*j, -4*j = 3*z + 5. Let w(p) = 2*p**3 + 2*p**2 - p - 1. Give w(j).
-7
Let g be 27/(-12) - 3/4. Let z(h) be the third derivative of -h**7/2520 - h**4/24 - h**2. Let f(j) be the second derivative of z(j). Give f(g).
-9
Let s(c) be the second derivative of -c**3/2 + c**2/2 - 3*c. Calculate s(-1).
4
Let c(b) be the first derivative of 1/2*b**2 + 0*b - 2. Let f = -11 + 7. Determine c(f).
-4
Let r(x) = 2*x**3 + 4*x**2 - 8*x - 6. Let j(k) = 3*k**3 + 3*k**2 - 9*k - 6. Let q(i) = -3*j(i) + 4*r(i). Calculate q(6).
0
Let b(a) = a**3 + a**2 + a - 1. Let q(f) = -6*f**3 - 10*f**2 - 3*f + 1. Let r(y) = -5*b(y) - q(y). Let c be -2*5*(-1)/(-2). Give r(c).
14
Let a(g) = 3*g - 2. Let y(b) = -b + 1. Let h(x) = 3*a(x) + 7*y(x). Suppose -4*l = l - 15. Determine h(l).
7
Let d(c) = -c**3 - 3*c**2 + 6*c - 6. Let g be (-1 - (-3 + 4)) + -3. What is d(g)?
14
Let i(h) = 2*h**2 + 7. Let p(y) = -11*y**2 + 4*y - 65. Let o(m) = 3*m**2 - m + 16. Let u(a) = -9*o(a) - 2*p(a). Let